{"id":3884,"date":"2025-03-04T20:45:36","date_gmt":"2025-03-04T20:45:36","guid":{"rendered":"https:\/\/conceptsk2.com\/rosedunord-dev\/?page_id=3884"},"modified":"2025-03-06T20:38:56","modified_gmt":"2025-03-06T20:38:56","slug":"manifeste","status":"publish","type":"page","link":"https:\/\/conceptsk2.com\/rosedunord-dev\/a-propos\/manifeste\/","title":{"rendered":"Manifeste"},"content":{"rendered":"<div class=\"wpb-content-wrapper\"><p>[vc_row][vc_column]<div class=\"wprt-headings clearfix text-center\"  style=\"\"><h2 class=\"heading clearfix\" style=\"\">\r\n\t\tManifeste des femmes du Nord de Qu\u00e9bec\r\n\t<\/h2><\/div><div class=\"wprt-lines clearfix center\" style=\"height: 2px;margin-top:20px;margin-bottom:40px;\">\r\n\t\t<div class=\"line-1\" style=\"height:2px; width: 70px; background-color: ; margin-left: -35px; margin-top: -1px\"><\/div>\r\n\t\t<div class=\"line-2\" style=\"height:2px; width: 170px; background-color: ; margin-left: -85px; margin-top: -1px\"><\/div>\r\n\t<\/div>[\/vc_column][\/vc_row][vc_row css=\u00a0\u00bb.vc_custom_1741292184536{padding-top: 20px !important;padding-right: 20px !important;padding-bottom: 20px !important;padding-left: 20px !important;background-color: #942C61 !important;}\u00a0\u00bb el_class=\u00a0\u00bbbloc-mauve\u00a0\u00bb][vc_column][vc_column_text css=\u00a0\u00bb\u00a0\u00bb]<span style=\"font-weight: 400;\">Nous, les militantes du Regroupement des femmes du Nord de Qu\u00e9bec, revendiquons, chaque jour, l\u2019am\u00e9lioration de nos conditions de vie. Nous le faisons parce que nous r\u00eavons d\u2019un monde meilleur. <\/span>[\/vc_column_text][\/vc_column][\/vc_row][vc_row css=\u00a0\u00bb.vc_custom_1741293267344{border-top-width: 1px !important;border-right-width: 1px !important;border-bottom-width: 1px !important;border-left-width: 1px !important;padding-top: 20px !important;padding-right: 20px !important;padding-bottom: 20px !important;padding-left: 20px !important;border-left-style: solid !important;border-right-style: solid !important;border-top-style: solid !important;border-bottom-style: solid !important;border-color: #942C61 !important;}\u00a0\u00bb][vc_column][vc_column_text css=\u00a0\u00bb\u00a0\u00bb]<span style=\"font-weight: 400;\">Ce monde meilleur serait bas\u00e9 sur les valeurs de la Charte mondiale des femmes pour l\u2019humanit\u00e9\u00a0: la paix, la libert\u00e9, l\u2019\u00e9galit\u00e9, la solidarit\u00e9 et la justice. De plus, ce monde serait celui du partage, du respect, de l\u2019amour, de l\u2019entraide, de la tol\u00e9rance. Ce monde prendrait en consid\u00e9ration nos paroles, saurait nous \u00e9couter. Ce monde respecterait notre terre, nos ressources naturelles qui ne sont pas in\u00e9puisables. Ce monde nous parlerait de simplicit\u00e9 volontaire.\u00a0<\/span>[\/vc_column_text][\/vc_column][\/vc_row][vc_row css=\u00a0\u00bb.vc_custom_1741292184536{padding-top: 20px !important;padding-right: 20px !important;padding-bottom: 20px !important;padding-left: 20px !important;background-color: #942C61 !important;}\u00a0\u00bb el_class=\u00a0\u00bbbloc-mauve\u00a0\u00bb][vc_column][vc_column_text css=\u00a0\u00bb\u00a0\u00bb]<span style=\"font-weight: 400;\">Notre monde en serait un o\u00f9 le patriarcat et la violence n\u2019existent plus. Les femmes pourraient y vivre sans peur, en se sentant respect\u00e9es et trait\u00e9es \u00e9galement. Le travail invisible des femmes y serait mis au grand jour et aurait la reconnaissance qui s\u2019impose. Les femmes auraient toutes les libert\u00e9s de choisir concernant leur corps, leur identit\u00e9, leur vie amoureuse, leurs destins, leurs conditions de vie.\u00a0<\/span>[\/vc_column_text][\/vc_column][\/vc_row][vc_row css=\u00a0\u00bb.vc_custom_1741293284592{border-top-width: 1px !important;border-right-width: 1px !important;border-bottom-width: 1px !important;border-left-width: 1px !important;padding-top: 20px !important;padding-right: 20px !important;padding-bottom: 20px !important;padding-left: 20px !important;border-left-style: solid !important;border-right-style: solid !important;border-top-style: solid !important;border-bottom-style: solid !important;border-radius: 1px !important;border-color: #942C61 !important;}\u00a0\u00bb][vc_column][vc_column_text css=\u00a0\u00bb\u00a0\u00bb]<span style=\"font-weight: 400;\">Notre monde travaillerait chaque jour \u00e0 \u00e9liminer la pauvret\u00e9. Nous voulons un revenu social universel garanti qui nous permet de vivre dans la dignit\u00e9, des services publics gratuits et de qualit\u00e9, du logement social un peu partout dans nos quartiers. Nous voulons un syst\u00e8me respectueux des r\u00e9alit\u00e9s de chaque personne ! Pourquoi ne pas mettre en place un Minist\u00e8re de la dignit\u00e9 qui aurait comme mandat de faire changer les mentalit\u00e9s et d\u2019\u00e9liminer les pr\u00e9jug\u00e9s ? Nous voulons un monde sans pr\u00e9jug\u00e9 qui reconna\u00eet que nous sommes des personnes \u00e0 part enti\u00e8re.\u00a0<\/span>[\/vc_column_text][\/vc_column][\/vc_row][vc_row css=\u00a0\u00bb.vc_custom_1741292184536{padding-top: 20px !important;padding-right: 20px !important;padding-bottom: 20px !important;padding-left: 20px !important;background-color: #942C61 !important;}\u00a0\u00bb el_class=\u00a0\u00bbbloc-mauve\u00a0\u00bb][vc_column][vc_column_text css=\u00a0\u00bb\u00a0\u00bb]<span style=\"font-weight: 400;\">Nous avons des r\u00eaves pour les familles d\u2019aujourd\u2019hui et de demain\u00a0: peu importe le mod\u00e8le de famille v\u00e9cu, nous voulons qu\u2019elles soient ouvertes et support\u00e9es par la communaut\u00e9. L\u2019inclusion des personnes \u00e2g\u00e9es dans notre soci\u00e9t\u00e9 nous tient \u00e0 c\u0153ur. Nous voulons que nos familles aient tout ce qu\u2019il faut pour choisir ce qu\u2019elles veulent construire.\u00a0<\/span>[\/vc_column_text][\/vc_column][\/vc_row][vc_row css=\u00a0\u00bb.vc_custom_1741293302660{border-top-width: 1px !important;border-right-width: 1px !important;border-bottom-width: 1px !important;border-left-width: 1px !important;padding-top: 20px !important;padding-right: 20px !important;padding-bottom: 20px !important;padding-left: 20px !important;border-left-style: solid !important;border-right-style: solid !important;border-top-style: solid !important;border-bottom-style: solid !important;border-radius: 1px !important;border-color: #942C61 !important;}\u00a0\u00bb][vc_column][vc_column_text css=\u00a0\u00bb\u00a0\u00bb]<span style=\"font-weight: 400;\">Nous voulons vivre dans la dignit\u00e9 \u2026 et en sant\u00e9 ! Les services \u00e0 domicile et les m\u00e9decins de famille sont au c\u0153ur de notre projet de soci\u00e9t\u00e9. Nous voulons la gratuit\u00e9 totale et l\u2019accessibilit\u00e9 enti\u00e8re de nos soins de sant\u00e9. Aucune privatisation n\u2019est possible dans notre monde. Nous ne voulons plus jouer les cobayes pharmaceutiques\u00a0: nous voulons un syst\u00e8me de sant\u00e9 qui travaille sur la pr\u00e9vention et qui utilise diff\u00e9rentes m\u00e9thodes pour nous soigner.\u00a0<\/span>[\/vc_column_text][\/vc_column][\/vc_row][vc_row css=\u00a0\u00bb.vc_custom_1741292184536{padding-top: 20px !important;padding-right: 20px !important;padding-bottom: 20px !important;padding-left: 20px !important;background-color: #942C61 !important;}\u00a0\u00bb el_class=\u00a0\u00bbbloc-mauve\u00a0\u00bb][vc_column][vc_column_text css=\u00a0\u00bb\u00a0\u00bb]<span style=\"font-weight: 400;\">Que dire de l\u2019\u00e9ducation ! Nous voulons que le syst\u00e8me d\u2019\u00e9ducation soit gratuit, accessible et de qualit\u00e9 pour toutes et tous. Nous voulons que l\u2019\u00e9galit\u00e9 entre les hommes et les femmes soit enseign\u00e9e d\u00e8s l\u2019\u00e9cole primaire. Nous voulons, entre autre, que la politique et les Chartes des droits et libert\u00e9s soit aussi enseign\u00e9es dans nos \u00e9coles afin de cr\u00e9er une soci\u00e9t\u00e9 de demain ouverte sur le monde et valorisant la pens\u00e9e critique. Nous voulons que nos exp\u00e9riences de vie soient reconnues \u00e0 l\u2019int\u00e9rieur de ce syst\u00e8me.\u00a0<\/span>[\/vc_column_text][\/vc_column][\/vc_row][vc_row css=\u00a0\u00bb.vc_custom_1741293384129{border-top-width: 1px !important;border-right-width: 1px !important;border-bottom-width: 1px !important;border-left-width: 1px !important;padding-top: 20px !important;padding-right: 20px !important;padding-bottom: 20px !important;padding-left: 20px !important;border-left-style: solid !important;border-right-style: solid !important;border-top-style: solid !important;border-bottom-style: solid !important;border-radius: 1px !important;border-color: #942C61 !important;}\u00a0\u00bb][vc_column][vc_column_text css=\u00a0\u00bb\u00a0\u00bb]<span style=\"font-weight: 400;\">Et nous voulons tout ceci dans un monde sain, sans pollution. Il est de notre responsabilit\u00e9 collective, y compris celle du gouvernement de prendre soin de notre plan\u00e8te. Nous voulons des espaces verts pour mieux appr\u00e9cier la nature. Nous ne voulons plus d\u2019OGM dans notre alimentation ni de produits qui d\u00e9truisent l\u2019agriculture. Le respect de l\u2019environnement nous tient \u00e0 c\u0153ur. Nous consommons trop, nous produisons trop ! Les compagnies font passer le profit avant la protection de la terre. Nous voulons \u00eatre au c\u0153ur des d\u00e9cisions qui auront des impacts sur nos vies.\u00a0<\/span>[\/vc_column_text][\/vc_column][\/vc_row][vc_row css=\u00a0\u00bb.vc_custom_1741292184536{padding-top: 20px !important;padding-right: 20px !important;padding-bottom: 20px !important;padding-left: 20px !important;background-color: #942C61 !important;}\u00a0\u00bb el_class=\u00a0\u00bbbloc-mauve\u00a0\u00bb][vc_column][vc_column_text css=\u00a0\u00bb\u00a0\u00bb]<span style=\"font-weight: 400;\">Nous sommes en solidarit\u00e9 avec les femmes d\u2019ici et d\u2019ailleurs. Ce monde, nous le voulons pour nous et pour elles, en solidarit\u00e9. Nous voulons la paix dans le monde, la fin des violences. Nous voulons nous solidariser dans l\u2019action le plus souvent possible. Nous voulons un monde avec les m\u00eames droits pour toutes. Ici comme ailleurs, les femmes et les enfants ne sont pas des marchandises.\u00a0<\/span>[\/vc_column_text][\/vc_column][\/vc_row][vc_row el_id=\u00a0\u00bbformations\u00a0\u00bb][vc_column]\r\n\t<div class=\"wprt-spacer clearfix\" data-desktop=\"60\" data-mobi=\"60\" data-smobi=\"60\"><\/div>[\/vc_column][\/vc_row][vc_row css=\u00a0\u00bb.vc_custom_1741293056602{border-top-width: 2px !important;border-right-width: 2px !important;border-bottom-width: 2px !important;border-left-width: 2px !important;padding-top: 20px !important;padding-right: 20px !important;padding-bottom: 20px !important;padding-left: 20px !important;background-color: #FFFFFF !important;border-left-style: solid !important;border-right-style: solid !important;border-top-style: solid !important;border-bottom-style: solid !important;border-radius: 2px !important;border-color: #942C61 !important;}\u00a0\u00bb][vc_column][vc_column_text css=\u00a0\u00bb.vc_custom_1741293204411{border-color: #942C61 !important;}\u00a0\u00bb]<\/p>\n<h5><span style=\"font-weight: 400; color: #942c61;\">Nous les militantes de R\u2640SE du Nord, voulons ce monde. Et nous l\u2019obtiendrons ! Car nous sommes combatives, braves, r\u00e9solues, fonceuses, cr\u00e9atives, ouvertes, solidaires, dynamiques, courageuses. Nous croyons \u00e0 la cause et voulons faire changer les choses. Nous l\u2019obtiendrons, car nous le faisons\u00a0: ensemble !<\/span><\/h5>\n<p>[\/vc_column_text][\/vc_column][\/vc_row]<\/p>\n<\/div>","protected":false},"excerpt":{"rendered":"<p>[vc_row][vc_column][\/vc_column][\/vc_row][vc_row css=\u00a0\u00bb.vc_custom_1741292184536{padding-top: 20px !important;padding-right: 20px !important;padding-bottom: 20px !important;padding-left: 20px !important;background-color: #942C61 !important;}\u00a0\u00bb el_class=\u00a0\u00bbbloc-mauve\u00a0\u00bb][vc_column][vc_column_text css=\u00a0\u00bb\u00a0\u00bb]Nous, les militantes du Regroupement des femmes du Nord de Qu\u00e9bec, revendiquons, chaque jour, l\u2019am\u00e9lioration de nos conditions de vie. Nous le faisons parce que nous r\u00eavons d\u2019un monde meilleur. [\/vc_column_text][\/vc_column][\/vc_row][vc_row css=\u00a0\u00bb.vc_custom_1741293267344{border-top-width: 1px !important;border-right-width: 1px !important;border-bottom-width: 1px !important;border-left-width: 1px !important;padding-top: 20px !important;padding-right:&hellip;<\/p>\n","protected":false},"author":1,"featured_media":0,"parent":2140,"menu_order":0,"comment_status":"closed","ping_status":"closed","template":"","meta":{"_acf_changed":false,"footnotes":""},"class_list":["post-3884","page","type-page","status-publish","hentry"],"acf":[],"yoast_head":"<!-- This site is optimized with the Yoast SEO plugin v24.7 - https:\/\/yoast.com\/wordpress\/plugins\/seo\/ -->\n<title>Manifeste - ROSE du Nord<\/title>\n<meta name=\"robots\" content=\"noindex, follow, max-snippet:-1, max-image-preview:large, max-video-preview:-1\" \/>\n<meta property=\"og:locale\" content=\"fr_FR\" \/>\n<meta property=\"og:type\" content=\"article\" \/>\n<meta property=\"og:title\" content=\"Manifeste - ROSE du Nord\" \/>\n<meta property=\"og:description\" content=\"[vc_row][vc_column][\/vc_column][\/vc_row][vc_row css=\u00a0\u00bb.vc_custom_1741292184536{padding-top: 20px !important;padding-right: 20px !important;padding-bottom: 20px !important;padding-left: 20px !important;background-color: #942C61 !important;}\u00a0\u00bb el_class=\u00a0\u00bbbloc-mauve\u00a0\u00bb][vc_column][vc_column_text css=\u00a0\u00bb\u00a0\u00bb]Nous, les militantes du Regroupement des femmes du Nord de Qu\u00e9bec, revendiquons, chaque jour, l\u2019am\u00e9lioration de nos conditions de vie. Nous le faisons parce que nous r\u00eavons d\u2019un monde meilleur. [\/vc_column_text][\/vc_column][\/vc_row][vc_row css=\u00a0\u00bb.vc_custom_1741293267344{border-top-width: 1px !important;border-right-width: 1px !important;border-bottom-width: 1px !important;border-left-width: 1px !important;padding-top: 20px !important;padding-right:&hellip;\" \/>\n<meta property=\"og:url\" content=\"https:\/\/conceptsk2.com\/rosedunord-dev\/a-propos\/manifeste\/\" \/>\n<meta property=\"og:site_name\" content=\"ROSE du Nord\" \/>\n<meta property=\"article:modified_time\" content=\"2025-03-06T20:38:56+00:00\" \/>\n<meta property=\"og:image\" content=\"https:\/\/conceptsk2.com\/rosedunord-dev\/wp-content\/uploads\/2021\/12\/Offre-finale.png\" \/>\n\t<meta property=\"og:image:width\" content=\"1640\" \/>\n\t<meta property=\"og:image:height\" content=\"924\" \/>\n\t<meta property=\"og:image:type\" content=\"image\/png\" \/>\n<meta name=\"twitter:card\" content=\"summary_large_image\" \/>\n<script type=\"application\/ld+json\" class=\"yoast-schema-graph\">{\"@context\":\"https:\/\/schema.org\",\"@graph\":[{\"@type\":\"WebPage\",\"@id\":\"https:\/\/conceptsk2.com\/rosedunord-dev\/a-propos\/manifeste\/\",\"url\":\"https:\/\/conceptsk2.com\/rosedunord-dev\/a-propos\/manifeste\/\",\"name\":\"Manifeste - ROSE du Nord\",\"isPartOf\":{\"@id\":\"https:\/\/conceptsk2.com\/rosedunord-dev\/#website\"},\"datePublished\":\"2025-03-04T20:45:36+00:00\",\"dateModified\":\"2025-03-06T20:38:56+00:00\",\"breadcrumb\":{\"@id\":\"https:\/\/conceptsk2.com\/rosedunord-dev\/a-propos\/manifeste\/#breadcrumb\"},\"inLanguage\":\"fr-FR\",\"potentialAction\":[{\"@type\":\"ReadAction\",\"target\":[\"https:\/\/conceptsk2.com\/rosedunord-dev\/a-propos\/manifeste\/\"]}]},{\"@type\":\"BreadcrumbList\",\"@id\":\"https:\/\/conceptsk2.com\/rosedunord-dev\/a-propos\/manifeste\/#breadcrumb\",\"itemListElement\":[{\"@type\":\"ListItem\",\"position\":1,\"name\":\"Accueil\",\"item\":\"https:\/\/conceptsk2.com\/rosedunord-dev\/\"},{\"@type\":\"ListItem\",\"position\":2,\"name\":\"\u00c0 propos\",\"item\":\"https:\/\/conceptsk2.com\/rosedunord-dev\/a-propos\/\"},{\"@type\":\"ListItem\",\"position\":3,\"name\":\"Manifeste\"}]},{\"@type\":\"WebSite\",\"@id\":\"https:\/\/conceptsk2.com\/rosedunord-dev\/#website\",\"url\":\"https:\/\/conceptsk2.com\/rosedunord-dev\/\",\"name\":\"ROSE du Nord\",\"description\":\"Le Regroupement des femmes sans emploi du Nord de Qu\u00e9bec\",\"publisher\":{\"@id\":\"https:\/\/conceptsk2.com\/rosedunord-dev\/#organization\"},\"potentialAction\":[{\"@type\":\"SearchAction\",\"target\":{\"@type\":\"EntryPoint\",\"urlTemplate\":\"https:\/\/conceptsk2.com\/rosedunord-dev\/?s={search_term_string}\"},\"query-input\":{\"@type\":\"PropertyValueSpecification\",\"valueRequired\":true,\"valueName\":\"search_term_string\"}}],\"inLanguage\":\"fr-FR\"},{\"@type\":\"Organization\",\"@id\":\"https:\/\/conceptsk2.com\/rosedunord-dev\/#organization\",\"name\":\"ROSE du Nord\",\"url\":\"https:\/\/conceptsk2.com\/rosedunord-dev\/\",\"logo\":{\"@type\":\"ImageObject\",\"inLanguage\":\"fr-FR\",\"@id\":\"https:\/\/conceptsk2.com\/rosedunord-dev\/#\/schema\/logo\/image\/\",\"url\":\"\",\"contentUrl\":\"\",\"caption\":\"ROSE du Nord\"},\"image\":{\"@id\":\"https:\/\/conceptsk2.com\/rosedunord-dev\/#\/schema\/logo\/image\/\"}}]}<\/script>\n<!-- \/ Yoast SEO plugin. -->","yoast_head_json":{"title":"Manifeste - ROSE du Nord","robots":{"index":"noindex","follow":"follow","max-snippet":"max-snippet:-1","max-image-preview":"max-image-preview:large","max-video-preview":"max-video-preview:-1"},"og_locale":"fr_FR","og_type":"article","og_title":"Manifeste - ROSE du Nord","og_description":"[vc_row][vc_column][\/vc_column][\/vc_row][vc_row css=\u00a0\u00bb.vc_custom_1741292184536{padding-top: 20px !important;padding-right: 20px !important;padding-bottom: 20px !important;padding-left: 20px !important;background-color: #942C61 !important;}\u00a0\u00bb el_class=\u00a0\u00bbbloc-mauve\u00a0\u00bb][vc_column][vc_column_text css=\u00a0\u00bb\u00a0\u00bb]Nous, les militantes du Regroupement des femmes du Nord de Qu\u00e9bec, revendiquons, chaque jour, l\u2019am\u00e9lioration de nos conditions de vie. Nous le faisons parce que nous r\u00eavons d\u2019un monde meilleur. [\/vc_column_text][\/vc_column][\/vc_row][vc_row css=\u00a0\u00bb.vc_custom_1741293267344{border-top-width: 1px !important;border-right-width: 1px !important;border-bottom-width: 1px !important;border-left-width: 1px !important;padding-top: 20px !important;padding-right:&hellip;","og_url":"https:\/\/conceptsk2.com\/rosedunord-dev\/a-propos\/manifeste\/","og_site_name":"ROSE du Nord","article_modified_time":"2025-03-06T20:38:56+00:00","og_image":[{"width":1640,"height":924,"url":"https:\/\/conceptsk2.com\/rosedunord-dev\/wp-content\/uploads\/2021\/12\/Offre-finale.png","type":"image\/png"}],"twitter_card":"summary_large_image","schema":{"@context":"https:\/\/schema.org","@graph":[{"@type":"WebPage","@id":"https:\/\/conceptsk2.com\/rosedunord-dev\/a-propos\/manifeste\/","url":"https:\/\/conceptsk2.com\/rosedunord-dev\/a-propos\/manifeste\/","name":"Manifeste - ROSE du Nord","isPartOf":{"@id":"https:\/\/conceptsk2.com\/rosedunord-dev\/#website"},"datePublished":"2025-03-04T20:45:36+00:00","dateModified":"2025-03-06T20:38:56+00:00","breadcrumb":{"@id":"https:\/\/conceptsk2.com\/rosedunord-dev\/a-propos\/manifeste\/#breadcrumb"},"inLanguage":"fr-FR","potentialAction":[{"@type":"ReadAction","target":["https:\/\/conceptsk2.com\/rosedunord-dev\/a-propos\/manifeste\/"]}]},{"@type":"BreadcrumbList","@id":"https:\/\/conceptsk2.com\/rosedunord-dev\/a-propos\/manifeste\/#breadcrumb","itemListElement":[{"@type":"ListItem","position":1,"name":"Accueil","item":"https:\/\/conceptsk2.com\/rosedunord-dev\/"},{"@type":"ListItem","position":2,"name":"\u00c0 propos","item":"https:\/\/conceptsk2.com\/rosedunord-dev\/a-propos\/"},{"@type":"ListItem","position":3,"name":"Manifeste"}]},{"@type":"WebSite","@id":"https:\/\/conceptsk2.com\/rosedunord-dev\/#website","url":"https:\/\/conceptsk2.com\/rosedunord-dev\/","name":"ROSE du Nord","description":"Le Regroupement des femmes sans emploi du Nord de Qu\u00e9bec","publisher":{"@id":"https:\/\/conceptsk2.com\/rosedunord-dev\/#organization"},"potentialAction":[{"@type":"SearchAction","target":{"@type":"EntryPoint","urlTemplate":"https:\/\/conceptsk2.com\/rosedunord-dev\/?s={search_term_string}"},"query-input":{"@type":"PropertyValueSpecification","valueRequired":true,"valueName":"search_term_string"}}],"inLanguage":"fr-FR"},{"@type":"Organization","@id":"https:\/\/conceptsk2.com\/rosedunord-dev\/#organization","name":"ROSE du Nord","url":"https:\/\/conceptsk2.com\/rosedunord-dev\/","logo":{"@type":"ImageObject","inLanguage":"fr-FR","@id":"https:\/\/conceptsk2.com\/rosedunord-dev\/#\/schema\/logo\/image\/","url":"","contentUrl":"","caption":"ROSE du Nord"},"image":{"@id":"https:\/\/conceptsk2.com\/rosedunord-dev\/#\/schema\/logo\/image\/"}}]}},"_links":{"self":[{"href":"https:\/\/conceptsk2.com\/rosedunord-dev\/wp-json\/wp\/v2\/pages\/3884","targetHints":{"allow":["GET"]}}],"collection":[{"href":"https:\/\/conceptsk2.com\/rosedunord-dev\/wp-json\/wp\/v2\/pages"}],"about":[{"href":"https:\/\/conceptsk2.com\/rosedunord-dev\/wp-json\/wp\/v2\/types\/page"}],"author":[{"embeddable":true,"href":"https:\/\/conceptsk2.com\/rosedunord-dev\/wp-json\/wp\/v2\/users\/1"}],"replies":[{"embeddable":true,"href":"https:\/\/conceptsk2.com\/rosedunord-dev\/wp-json\/wp\/v2\/comments?post=3884"}],"version-history":[{"count":10,"href":"https:\/\/conceptsk2.com\/rosedunord-dev\/wp-json\/wp\/v2\/pages\/3884\/revisions"}],"predecessor-version":[{"id":4014,"href":"https:\/\/conceptsk2.com\/rosedunord-dev\/wp-json\/wp\/v2\/pages\/3884\/revisions\/4014"}],"up":[{"embeddable":true,"href":"https:\/\/conceptsk2.com\/rosedunord-dev\/wp-json\/wp\/v2\/pages\/2140"}],"wp:attachment":[{"href":"https:\/\/conceptsk2.com\/rosedunord-dev\/wp-json\/wp\/v2\/media?parent=3884"}],"curies":[{"name":"wp","href":"https:\/\/api.w.org\/{rel}","templated":true}]}}