{"id":3888,"date":"2025-03-05T20:01:36","date_gmt":"2025-03-05T20:01:36","guid":{"rendered":"https:\/\/conceptsk2.com\/rosedunord-dev\/?page_id=3888"},"modified":"2025-03-05T20:21:18","modified_gmt":"2025-03-05T20:21:18","slug":"nos-regroupements","status":"publish","type":"page","link":"https:\/\/conceptsk2.com\/rosedunord-dev\/a-propos\/nos-regroupements\/","title":{"rendered":"Nos regroupements"},"content":{"rendered":"<div class=\"wpb-content-wrapper\"><p>[vc_row][vc_column]<div class=\"wprt-headings clearfix \"  style=\"\"><h2 class=\"heading clearfix\" style=\"\">\r\n\t\tNos regroupements\r\n\t<\/h2><div class=\"sep clearfix\" style=\"width:50px;height:2px;\"><\/div><\/div>\r\n\t<div class=\"wprt-spacer clearfix\" data-desktop=\"20\" data-mobi=\"0\" data-smobi=\"0\"><\/div><div class=\"wprt-image-box clearfix \" style=\"\">\r\n        <div class=\"item\">\r\n            <div class=\"inner\" style=\"background-color: #f7f7f7;\">\r\n                <div class=\"thumb\" style=\"\"><img loading=\"lazy\" decoding=\"async\" width=\"150\" height=\"150\" src=\"https:\/\/conceptsk2.com\/rosedunord-dev\/wp-content\/uploads\/2019\/07\/logo-RGF-CN.jpg\" class=\"attachment-wprt-rectangle size-wprt-rectangle\" alt=\"\" srcset=\"https:\/\/conceptsk2.com\/rosedunord-dev\/wp-content\/uploads\/2019\/07\/logo-RGF-CN.jpg 150w, https:\/\/conceptsk2.com\/rosedunord-dev\/wp-content\/uploads\/2019\/07\/logo-RGF-CN-100x100.jpg 100w\" sizes=\"auto, (max-width: 150px) 100vw, 150px\" \/><\/div>\r\n                <div class=\"text-wrap\" style=\"\">\r\n                    <h3 class=\"title\" style=\"\">\r\n        <a target=\"_blank\" href=\"www.rgfcn.org\">Le regroupement des groupes de femmes de la capitale nationale (RGF-CN)<\/a>\r\n    <\/h3>  <div class=\"desc\" style=\"\">C\u2019est un regroupement r\u00e9gional qui uni les organisations de femmes de la r\u00e9gion de Qu\u00e9bec. Les groupes travaillent ensemble sur plusieurs sujets concernant les femmes allant de la sant\u00e9 \u00e0 la repr\u00e9sentation politique en passant par l\u2019\u00e9limination de la pauvret\u00e9.<\/div> <div class=\"btn\">\r\n            <a target=\"_blank\" class=\"small simple-link font-heading\" href=\"www.rgfcn.org\" style=\"color:#942c61;\">www.rgfcn.org<\/a>\r\n        <\/div>\r\n                <\/div>\r\n            <\/div>\r\n        <\/div>\r\n    <\/div><div class=\"wprt-image-box clearfix \" style=\"\">\r\n        <div class=\"item\">\r\n            <div class=\"inner\" style=\"background-color: #f7f7f7;\">\r\n                <div class=\"thumb\" style=\"\"><img loading=\"lazy\" decoding=\"async\" width=\"150\" height=\"150\" src=\"https:\/\/conceptsk2.com\/rosedunord-dev\/wp-content\/uploads\/2019\/07\/logo-FCPASQ.jpg\" class=\"attachment-wprt-rectangle size-wprt-rectangle\" alt=\"\" srcset=\"https:\/\/conceptsk2.com\/rosedunord-dev\/wp-content\/uploads\/2019\/07\/logo-FCPASQ.jpg 150w, https:\/\/conceptsk2.com\/rosedunord-dev\/wp-content\/uploads\/2019\/07\/logo-FCPASQ-100x100.jpg 100w\" sizes=\"auto, (max-width: 150px) 100vw, 150px\" \/><\/div>\r\n                <div class=\"text-wrap\" style=\"\">\r\n                    <h3 class=\"title\" style=\"\">\r\n        <a target=\"_blank\" href=\"http:\/\/www.fcpasq.qc.ca\">Le Front Commun des Personnes Assist\u00e9es Sociales du Qu\u00e9bec (FCPASQ)<\/a>\r\n    <\/h3>  <div class=\"desc\" style=\"\">Le FCPASQ est un regroupement d\u2019une trentaine d\u2019organismes locaux r\u00e9partis sur l\u2019ensemble du territoire qu\u00e9b\u00e9cois. La principale mission du FCPASQ, et de ses groupes membres, est la d\u00e9fense des droits \u00e9conomiques, sociaux et culturels des citoyenNEs du Qu\u00e9bec excluEs du march\u00e9 du travail et qui vivent dans la pauvret\u00e9.<\/div> <div class=\"btn\">\r\n            <a target=\"_blank\" class=\"small simple-link font-heading\" href=\"http:\/\/www.fcpasq.qc.ca\" style=\"color:#942c61;\">www.fcpasq.qc.ca<\/a>\r\n        <\/div>\r\n                <\/div>\r\n            <\/div>\r\n        <\/div>\r\n    <\/div><div class=\"wprt-image-box clearfix \" style=\"\">\r\n        <div class=\"item\">\r\n            <div class=\"inner\" style=\"background-color: #f7f7f7;\">\r\n                <div class=\"thumb\" style=\"\"><img loading=\"lazy\" decoding=\"async\" width=\"150\" height=\"150\" src=\"https:\/\/conceptsk2.com\/rosedunord-dev\/wp-content\/uploads\/2019\/07\/logo-repac.jpg\" class=\"attachment-wprt-rectangle size-wprt-rectangle\" alt=\"\" srcset=\"https:\/\/conceptsk2.com\/rosedunord-dev\/wp-content\/uploads\/2019\/07\/logo-repac.jpg 150w, https:\/\/conceptsk2.com\/rosedunord-dev\/wp-content\/uploads\/2019\/07\/logo-repac-100x100.jpg 100w\" sizes=\"auto, (max-width: 150px) 100vw, 150px\" \/><\/div>\r\n                <div class=\"text-wrap\" style=\"\">\r\n                    <h3 class=\"title\" style=\"\">\r\n        <a target=\"_blank\" href=\"http:\/\/www.repac.org\">R\u00c9PAC 03-12<\/a>\r\n    <\/h3>  <div class=\"desc\" style=\"\">Le Regroupement en \u00c9ducation Populaire et en Action Communautaire des r\u00e9gions de Qu\u00e9bec et Chaudi\u00e8re-Appalaches (R\u00c9PAC 03-12) regroupe une quarantaine de groupes communautaires partageant des pratiques d\u2019\u00e9ducation populaire autonome et une vision sociale r\u00e9solument progressiste.<\/div> <div class=\"btn\">\r\n            <a target=\"_blank\" class=\"small simple-link font-heading\" href=\"http:\/\/www.repac.org\" style=\"color:#942c61;\">www.repac.org<\/a>\r\n        <\/div>\r\n                <\/div>\r\n            <\/div>\r\n        <\/div>\r\n    <\/div><div class=\"wprt-image-box clearfix \" style=\"\">\r\n        <div class=\"item\">\r\n            <div class=\"inner\" style=\"background-color: #f7f7f7;\">\r\n                <div class=\"thumb\" style=\"\"><img loading=\"lazy\" decoding=\"async\" width=\"150\" height=\"150\" src=\"https:\/\/conceptsk2.com\/rosedunord-dev\/wp-content\/uploads\/2019\/07\/logo-CRMMF.jpg\" class=\"attachment-wprt-rectangle size-wprt-rectangle\" alt=\"\" srcset=\"https:\/\/conceptsk2.com\/rosedunord-dev\/wp-content\/uploads\/2019\/07\/logo-CRMMF.jpg 150w, https:\/\/conceptsk2.com\/rosedunord-dev\/wp-content\/uploads\/2019\/07\/logo-CRMMF-100x100.jpg 100w\" sizes=\"auto, (max-width: 150px) 100vw, 150px\" \/><\/div>\r\n                <div class=\"text-wrap\" style=\"\">\r\n                    <h3 class=\"title\" style=\"\">\r\n        <a target=\"_blank\" href=\"\">La Coalition r\u00e9gionale de la Marche mondiale des femmes (CRMMF)<\/a>\r\n    <\/h3>  <div class=\"desc\" style=\"\">La CRMMF a \u00e9t\u00e9 fond\u00e9e en 1994 et a pour mission d\u2019organiser les activit\u00e9s entourant la Journ\u00e9e internationale des femmes et de mettre en \u0153uvre le plan d\u2019action de la Marche mondiale des femmes. Elle allie des femmes, des groupes de femmes et des comit\u00e9s des conditions f\u00e9minines des syndicats de la r\u00e9gion de Qu\u00e9bec.<\/div> \r\n                <\/div>\r\n            <\/div>\r\n        <\/div>\r\n    <\/div><div class=\"wprt-image-box clearfix \" style=\"\">\r\n        <div class=\"item\">\r\n            <div class=\"inner\" style=\"background-color: #f7f7f7;\">\r\n                <div class=\"thumb\" style=\"\"><img loading=\"lazy\" decoding=\"async\" width=\"150\" height=\"150\" src=\"https:\/\/conceptsk2.com\/rosedunord-dev\/wp-content\/uploads\/2019\/07\/logo-FFQ.jpg\" class=\"attachment-wprt-rectangle size-wprt-rectangle\" alt=\"\" srcset=\"https:\/\/conceptsk2.com\/rosedunord-dev\/wp-content\/uploads\/2019\/07\/logo-FFQ.jpg 150w, https:\/\/conceptsk2.com\/rosedunord-dev\/wp-content\/uploads\/2019\/07\/logo-FFQ-100x100.jpg 100w\" sizes=\"auto, (max-width: 150px) 100vw, 150px\" \/><\/div>\r\n                <div class=\"text-wrap\" style=\"\">\r\n                    <h3 class=\"title\" style=\"\">\r\n        <a target=\"_blank\" href=\"http:\/\/www.ffq.qc.ca\/\">La F\u00e9d\u00e9ration des Femmes du Qu\u00e9bec (FFQ)<\/a>\r\n    <\/h3>  <div class=\"desc\" style=\"\">La FFQ est une organisation f\u00e9ministe autonome qui travaille, solidairement et en alliance avec d\u2019autres groupes, \u00e0 la transformation des rapports sociaux de sexe dans toutes les activit\u00e9s humaines en vue de favoriser le d\u00e9veloppement de la pleine autonomie des femmes et la reconnaissance v\u00e9ritable de l\u2019ensemble de leurs contributions \u00e0 la soci\u00e9t\u00e9.<\/div> <div class=\"btn\">\r\n            <a target=\"_blank\" class=\"small simple-link font-heading\" href=\"http:\/\/www.ffq.qc.ca\/\" style=\"color:#942c61;\">www.ffq.qc.ca<\/a>\r\n        <\/div>\r\n                <\/div>\r\n            <\/div>\r\n        <\/div>\r\n    <\/div><div class=\"wprt-image-box clearfix \" style=\"\">\r\n        <div class=\"item\">\r\n            <div class=\"inner\" style=\"background-color: #f7f7f7;\">\r\n                <div class=\"thumb\" style=\"\"><img loading=\"lazy\" decoding=\"async\" width=\"180\" height=\"180\" src=\"https:\/\/conceptsk2.com\/rosedunord-dev\/wp-content\/uploads\/2024\/10\/logo-CDC.png\" class=\"attachment-wprt-rectangle size-wprt-rectangle\" alt=\"\" srcset=\"https:\/\/conceptsk2.com\/rosedunord-dev\/wp-content\/uploads\/2024\/10\/logo-CDC.png 180w, https:\/\/conceptsk2.com\/rosedunord-dev\/wp-content\/uploads\/2024\/10\/logo-CDC-150x150.png 150w, https:\/\/conceptsk2.com\/rosedunord-dev\/wp-content\/uploads\/2024\/10\/logo-CDC-160x160.png 160w\" sizes=\"auto, (max-width: 180px) 100vw, 180px\" \/><\/div>\r\n                <div class=\"text-wrap\" style=\"\">\r\n                    <h3 class=\"title\" style=\"\">\r\n        <a target=\"_blank\" href=\"https:\/\/www.cdccharlesbourg.com\/\">La Corporation de d\u00e9veloppement communautaire du Grand Charlesbourg (CDC du Grand Charlesbourg)<\/a>\r\n    <\/h3>  <div class=\"desc\" style=\"\">La CDC du Grand Charlesbourg a pour mission d\u2019initier, de renforcer et de soutenir le d\u00e9veloppement communautaire sur le territoire en s\u2019assurant de la participation active du mouvement communautaire au d\u00e9veloppement socio-\u00e9conomique de son milieu.<\/div> <div class=\"btn\">\r\n            <a target=\"_blank\" class=\"small simple-link font-heading\" href=\"https:\/\/www.cdccharlesbourg.com\/\" style=\"color:#942c61;\">www.cdccharlesbourg.com\/<\/a>\r\n        <\/div>\r\n                <\/div>\r\n            <\/div>\r\n        <\/div>\r\n    <\/div>[\/vc_column][\/vc_row]<\/p>\n<\/div>","protected":false},"excerpt":{"rendered":"<p>[vc_row][vc_column][\/vc_column][\/vc_row]<\/p>\n","protected":false},"author":1,"featured_media":0,"parent":2140,"menu_order":0,"comment_status":"closed","ping_status":"closed","template":"","meta":{"_acf_changed":false,"footnotes":""},"class_list":["post-3888","page","type-page","status-publish","hentry"],"acf":[],"yoast_head":"<!-- This site is optimized with the Yoast SEO plugin v24.7 - https:\/\/yoast.com\/wordpress\/plugins\/seo\/ -->\n<title>Nos regroupements - ROSE du Nord<\/title>\n<meta name=\"robots\" content=\"noindex, follow, max-snippet:-1, max-image-preview:large, max-video-preview:-1\" \/>\n<meta property=\"og:locale\" content=\"fr_FR\" \/>\n<meta property=\"og:type\" content=\"article\" \/>\n<meta property=\"og:title\" content=\"Nos regroupements - ROSE du Nord\" \/>\n<meta property=\"og:description\" content=\"[vc_row][vc_column][\/vc_column][\/vc_row]\" \/>\n<meta property=\"og:url\" content=\"https:\/\/conceptsk2.com\/rosedunord-dev\/a-propos\/nos-regroupements\/\" \/>\n<meta property=\"og:site_name\" content=\"ROSE du Nord\" \/>\n<meta property=\"article:modified_time\" content=\"2025-03-05T20:21:18+00:00\" \/>\n<meta property=\"og:image\" content=\"https:\/\/conceptsk2.com\/rosedunord-dev\/wp-content\/uploads\/2021\/12\/Offre-finale.png\" \/>\n\t<meta property=\"og:image:width\" content=\"1640\" \/>\n\t<meta property=\"og:image:height\" content=\"924\" \/>\n\t<meta property=\"og:image:type\" content=\"image\/png\" \/>\n<meta name=\"twitter:card\" content=\"summary_large_image\" \/>\n<script type=\"application\/ld+json\" class=\"yoast-schema-graph\">{\"@context\":\"https:\/\/schema.org\",\"@graph\":[{\"@type\":\"WebPage\",\"@id\":\"https:\/\/conceptsk2.com\/rosedunord-dev\/a-propos\/nos-regroupements\/\",\"url\":\"https:\/\/conceptsk2.com\/rosedunord-dev\/a-propos\/nos-regroupements\/\",\"name\":\"Nos regroupements - ROSE du Nord\",\"isPartOf\":{\"@id\":\"https:\/\/conceptsk2.com\/rosedunord-dev\/#website\"},\"datePublished\":\"2025-03-05T20:01:36+00:00\",\"dateModified\":\"2025-03-05T20:21:18+00:00\",\"breadcrumb\":{\"@id\":\"https:\/\/conceptsk2.com\/rosedunord-dev\/a-propos\/nos-regroupements\/#breadcrumb\"},\"inLanguage\":\"fr-FR\",\"potentialAction\":[{\"@type\":\"ReadAction\",\"target\":[\"https:\/\/conceptsk2.com\/rosedunord-dev\/a-propos\/nos-regroupements\/\"]}]},{\"@type\":\"BreadcrumbList\",\"@id\":\"https:\/\/conceptsk2.com\/rosedunord-dev\/a-propos\/nos-regroupements\/#breadcrumb\",\"itemListElement\":[{\"@type\":\"ListItem\",\"position\":1,\"name\":\"Accueil\",\"item\":\"https:\/\/conceptsk2.com\/rosedunord-dev\/\"},{\"@type\":\"ListItem\",\"position\":2,\"name\":\"\u00c0 propos\",\"item\":\"https:\/\/conceptsk2.com\/rosedunord-dev\/a-propos\/\"},{\"@type\":\"ListItem\",\"position\":3,\"name\":\"Nos regroupements\"}]},{\"@type\":\"WebSite\",\"@id\":\"https:\/\/conceptsk2.com\/rosedunord-dev\/#website\",\"url\":\"https:\/\/conceptsk2.com\/rosedunord-dev\/\",\"name\":\"ROSE du Nord\",\"description\":\"Le Regroupement des femmes sans emploi du Nord de Qu\u00e9bec\",\"publisher\":{\"@id\":\"https:\/\/conceptsk2.com\/rosedunord-dev\/#organization\"},\"potentialAction\":[{\"@type\":\"SearchAction\",\"target\":{\"@type\":\"EntryPoint\",\"urlTemplate\":\"https:\/\/conceptsk2.com\/rosedunord-dev\/?s={search_term_string}\"},\"query-input\":{\"@type\":\"PropertyValueSpecification\",\"valueRequired\":true,\"valueName\":\"search_term_string\"}}],\"inLanguage\":\"fr-FR\"},{\"@type\":\"Organization\",\"@id\":\"https:\/\/conceptsk2.com\/rosedunord-dev\/#organization\",\"name\":\"ROSE du Nord\",\"url\":\"https:\/\/conceptsk2.com\/rosedunord-dev\/\",\"logo\":{\"@type\":\"ImageObject\",\"inLanguage\":\"fr-FR\",\"@id\":\"https:\/\/conceptsk2.com\/rosedunord-dev\/#\/schema\/logo\/image\/\",\"url\":\"\",\"contentUrl\":\"\",\"caption\":\"ROSE du Nord\"},\"image\":{\"@id\":\"https:\/\/conceptsk2.com\/rosedunord-dev\/#\/schema\/logo\/image\/\"}}]}<\/script>\n<!-- \/ Yoast SEO plugin. -->","yoast_head_json":{"title":"Nos regroupements - ROSE du Nord","robots":{"index":"noindex","follow":"follow","max-snippet":"max-snippet:-1","max-image-preview":"max-image-preview:large","max-video-preview":"max-video-preview:-1"},"og_locale":"fr_FR","og_type":"article","og_title":"Nos regroupements - ROSE du Nord","og_description":"[vc_row][vc_column][\/vc_column][\/vc_row]","og_url":"https:\/\/conceptsk2.com\/rosedunord-dev\/a-propos\/nos-regroupements\/","og_site_name":"ROSE du Nord","article_modified_time":"2025-03-05T20:21:18+00:00","og_image":[{"width":1640,"height":924,"url":"https:\/\/conceptsk2.com\/rosedunord-dev\/wp-content\/uploads\/2021\/12\/Offre-finale.png","type":"image\/png"}],"twitter_card":"summary_large_image","schema":{"@context":"https:\/\/schema.org","@graph":[{"@type":"WebPage","@id":"https:\/\/conceptsk2.com\/rosedunord-dev\/a-propos\/nos-regroupements\/","url":"https:\/\/conceptsk2.com\/rosedunord-dev\/a-propos\/nos-regroupements\/","name":"Nos regroupements - ROSE du Nord","isPartOf":{"@id":"https:\/\/conceptsk2.com\/rosedunord-dev\/#website"},"datePublished":"2025-03-05T20:01:36+00:00","dateModified":"2025-03-05T20:21:18+00:00","breadcrumb":{"@id":"https:\/\/conceptsk2.com\/rosedunord-dev\/a-propos\/nos-regroupements\/#breadcrumb"},"inLanguage":"fr-FR","potentialAction":[{"@type":"ReadAction","target":["https:\/\/conceptsk2.com\/rosedunord-dev\/a-propos\/nos-regroupements\/"]}]},{"@type":"BreadcrumbList","@id":"https:\/\/conceptsk2.com\/rosedunord-dev\/a-propos\/nos-regroupements\/#breadcrumb","itemListElement":[{"@type":"ListItem","position":1,"name":"Accueil","item":"https:\/\/conceptsk2.com\/rosedunord-dev\/"},{"@type":"ListItem","position":2,"name":"\u00c0 propos","item":"https:\/\/conceptsk2.com\/rosedunord-dev\/a-propos\/"},{"@type":"ListItem","position":3,"name":"Nos regroupements"}]},{"@type":"WebSite","@id":"https:\/\/conceptsk2.com\/rosedunord-dev\/#website","url":"https:\/\/conceptsk2.com\/rosedunord-dev\/","name":"ROSE du Nord","description":"Le Regroupement des femmes sans emploi du Nord de Qu\u00e9bec","publisher":{"@id":"https:\/\/conceptsk2.com\/rosedunord-dev\/#organization"},"potentialAction":[{"@type":"SearchAction","target":{"@type":"EntryPoint","urlTemplate":"https:\/\/conceptsk2.com\/rosedunord-dev\/?s={search_term_string}"},"query-input":{"@type":"PropertyValueSpecification","valueRequired":true,"valueName":"search_term_string"}}],"inLanguage":"fr-FR"},{"@type":"Organization","@id":"https:\/\/conceptsk2.com\/rosedunord-dev\/#organization","name":"ROSE du Nord","url":"https:\/\/conceptsk2.com\/rosedunord-dev\/","logo":{"@type":"ImageObject","inLanguage":"fr-FR","@id":"https:\/\/conceptsk2.com\/rosedunord-dev\/#\/schema\/logo\/image\/","url":"","contentUrl":"","caption":"ROSE du Nord"},"image":{"@id":"https:\/\/conceptsk2.com\/rosedunord-dev\/#\/schema\/logo\/image\/"}}]}},"_links":{"self":[{"href":"https:\/\/conceptsk2.com\/rosedunord-dev\/wp-json\/wp\/v2\/pages\/3888","targetHints":{"allow":["GET"]}}],"collection":[{"href":"https:\/\/conceptsk2.com\/rosedunord-dev\/wp-json\/wp\/v2\/pages"}],"about":[{"href":"https:\/\/conceptsk2.com\/rosedunord-dev\/wp-json\/wp\/v2\/types\/page"}],"author":[{"embeddable":true,"href":"https:\/\/conceptsk2.com\/rosedunord-dev\/wp-json\/wp\/v2\/users\/1"}],"replies":[{"embeddable":true,"href":"https:\/\/conceptsk2.com\/rosedunord-dev\/wp-json\/wp\/v2\/comments?post=3888"}],"version-history":[{"count":2,"href":"https:\/\/conceptsk2.com\/rosedunord-dev\/wp-json\/wp\/v2\/pages\/3888\/revisions"}],"predecessor-version":[{"id":3958,"href":"https:\/\/conceptsk2.com\/rosedunord-dev\/wp-json\/wp\/v2\/pages\/3888\/revisions\/3958"}],"up":[{"embeddable":true,"href":"https:\/\/conceptsk2.com\/rosedunord-dev\/wp-json\/wp\/v2\/pages\/2140"}],"wp:attachment":[{"href":"https:\/\/conceptsk2.com\/rosedunord-dev\/wp-json\/wp\/v2\/media?parent=3888"}],"curies":[{"name":"wp","href":"https:\/\/api.w.org\/{rel}","templated":true}]}}