{"id":3897,"date":"2025-03-04T15:00:09","date_gmt":"2025-03-04T15:00:09","guid":{"rendered":"https:\/\/conceptsk2.com\/rosedunord-dev\/?page_id=3897"},"modified":"2025-03-20T17:56:39","modified_gmt":"2025-03-20T17:56:39","slug":"services-et-activites","status":"publish","type":"page","link":"https:\/\/conceptsk2.com\/rosedunord-dev\/rose-du-nord-en-action\/services-et-activites\/","title":{"rendered":"Services et activit\u00e9s"},"content":{"rendered":"<div class=\"wpb-content-wrapper\"><p>[vc_row][vc_column]<div class=\"wprt-headings clearfix text-center\"  style=\"\"><h2 class=\"heading clearfix\" style=\"\">\r\n\t\tAccompagnement individuel en d\u00e9fense des droits\r\n\t<\/h2><\/div><div class=\"wprt-lines clearfix center\" style=\"height: 2px;margin-top:20px;margin-bottom:40px;\">\r\n\t\t<div class=\"line-1\" style=\"height:2px; width: 70px; background-color: ; margin-left: -35px; margin-top: -1px\"><\/div>\r\n\t\t<div class=\"line-2\" style=\"height:2px; width: 170px; background-color: ; margin-left: -85px; margin-top: -1px\"><\/div>\r\n\t<\/div><div class=\"wprt-icon clearfix outline\" style=\"display: block; text-align:center;\"><span class=\"icon \" style=\"font-size:50px;width:60px;height:60px;color:#942C61;border-style:solid;border-color:#942C61;border-width:2px;line-height:56px;\" ><i class=\"entypo-icon entypo-icon-phone\"><\/i><\/span><\/div><div class=\"wprt-headings clearfix text-center\"  style=\"\"><h2 class=\"heading clearfix\" style=\"color:#942C61;margin-top:20px;margin-bottom:20px;\">\r\n\t\tServices individuels de d\u00e9fense des droits\r\n\t<\/h2><\/div>[vc_column_text css=\u00a0\u00bb.vc_custom_1741272125560{margin-right: 25% !important;margin-left: 25% !important;}\u00a0\u00bb]<\/p>\n<ul>\n<li style=\"text-align: left;\">Tu as des probl\u00e8mes avec l\u2019aide sociale?<\/li>\n<li style=\"text-align: left;\">Tu as eu une coupure sur ton ch\u00e8que et tu ne sais pas comment tu vas faire pour joindre les deux bouts?<\/li>\n<li style=\"text-align: left;\">Tu as v\u00e9cu une exp\u00e9rience difficile avec ton agent ou ton agente d\u2019aide sociale?<\/li>\n<\/ul>\n<p>[\/vc_column_text][vc_column_text css=\u00a0\u00bb.vc_custom_1601573624460{margin-top: 20px !important;}\u00a0\u00bb]<\/p>\n<p style=\"text-align: center;\">Appelle-nous au <strong><span style=\"font-size: 16px;\">418-622-2620<\/span><\/strong> ! On peut te donner de l\u2019information et du soutien pour d\u00e9fendre tes droits.<\/p>\n<p>[\/vc_column_text]\r\n\t<div class=\"wprt-spacer clearfix\" data-desktop=\"60\" data-mobi=\"60\" data-smobi=\"60\"><\/div>\r\n\t<div class=\"wprt-spacer clearfix\" data-desktop=\"60\" data-mobi=\"60\" data-smobi=\"60\"><\/div>[\/vc_column][\/vc_row][vc_row full_width=\u00a0\u00bbstretch_row\u00a0\u00bb content_placement=\u00a0\u00bbmiddle\u00a0\u00bb css=\u00a0\u00bb.vc_custom_1741276431987{background-color: #942c61 !important;border-radius: 35px !important;}\u00a0\u00bb el_class=\u00a0\u00bbbloc-mauve\u00a0\u00bb el_id=\u00a0\u00bbdefense\u00a0\u00bb][vc_column]\r\n\t<div class=\"wprt-spacer clearfix\" data-desktop=\"30\" data-mobi=\"30\" data-smobi=\"30\"><\/div><div class=\"wprt-headings clearfix text-center\"  style=\"\"><h2 class=\"heading clearfix\" style=\"\">\r\n\t\tD\u00e9fense collective des droits\r\n\t<\/h2><\/div><div class=\"wprt-lines clearfix center\" style=\"height: 2px;margin-top:20px;margin-bottom:40px;\">\r\n\t\t<div class=\"line-1\" style=\"height:2px; width: 70px; background-color: #FFFFFF; margin-left: -35px; margin-top: -1px\"><\/div>\r\n\t\t<div class=\"line-2\" style=\"height:2px; width: 170px; background-color: ; margin-left: -85px; margin-top: -1px\"><\/div>\r\n\t<\/div>[vc_column_text css=\u00a0\u00bb\u00a0\u00bb]\u00e0 venir[\/vc_column_text]\r\n\t<div class=\"wprt-spacer clearfix\" data-desktop=\"40\" data-mobi=\"40\" data-smobi=\"40\"><\/div>\r\n\t<div class=\"wprt-spacer clearfix\" data-desktop=\"30\" data-mobi=\"30\" data-smobi=\"30\"><\/div>\r\n\t<div class=\"wprt-spacer clearfix\" data-desktop=\"0\" data-mobi=\"0\" data-smobi=\"0\"><\/div><div class=\"wprt-icon clearfix outline\" style=\"\"><\/div>[\/vc_column][\/vc_row][vc_row el_id=\u00a0\u00bbcomptoir\u00a0\u00bb][vc_column]\r\n\t<div class=\"wprt-spacer clearfix\" data-desktop=\"60\" data-mobi=\"60\" data-smobi=\"60\"><\/div><div class=\"wprt-headings clearfix text-center\"  style=\"\"><h2 class=\"heading clearfix\" style=\"\">\r\n\t\tComptoir vestimentaire\r\n\t<\/h2><\/div><div class=\"wprt-lines clearfix center\" style=\"height: 2px;margin-top:20px;margin-bottom:40px;\">\r\n\t\t<div class=\"line-1\" style=\"height:2px; width: 70px; background-color: ; margin-left: -35px; margin-top: -1px\"><\/div>\r\n\t\t<div class=\"line-2\" style=\"height:2px; width: 170px; background-color: ; margin-left: -85px; margin-top: -1px\"><\/div>\r\n\t<\/div>[vc_row_inner][vc_column_inner width=\u00a0\u00bb1\/2&Prime; css=\u00a0\u00bb.vc_custom_1742493395703{padding-top: 30px !important;}\u00a0\u00bb][vc_column_text css=\u00a0\u00bb\u00a0\u00bb]<span style=\"font-weight: 400;\">ROSE du Nord renferme un des secrets les mieux gard\u00e9s de Charlesbourg. Les militantes tiennent un comptoir vestimentaire o\u00f9 des trouvailles peuvent \u00eatre faites \u00e0 faible co\u00fbt. C\u2019est la Militaine! Viens nous voir, on t\u2019y attend!<\/span><\/p>\n<p><span style=\"font-weight: 400;\">Tu ne sais plus quoi faire de tes beaux v\u00eatements qui ne correspondent plus \u00e0 ton style? Tu as fait un grand m\u00e9nage et tu r\u00e9alises que certains morceaux pourraient rendre une autre personne heureuse? Viens nous porter tes surplus, nous les afficherons fi\u00e8rement dans nos locaux jusqu\u2019\u00e0 ce qu\u2019une nouvelle personne en devienne l\u2019heureuse propri\u00e9taire!<\/span>[\/vc_column_text][\/vc_column_inner][vc_column_inner width=\u00a0\u00bb1\/2&Prime;][vc_single_image image=\u00a0\u00bb4102&Prime; css=\u00a0\u00bb\u00a0\u00bb][\/vc_column_inner][\/vc_row_inner]\r\n\t<div class=\"wprt-spacer clearfix\" data-desktop=\"60\" data-mobi=\"60\" data-smobi=\"60\"><\/div>[vc_row_inner][vc_column_inner width=\u00a0\u00bb1\/2&Prime;][vc_single_image image=\u00a0\u00bb3988&Prime; css=\u00a0\u00bb\u00a0\u00bb][\/vc_column_inner][vc_column_inner width=\u00a0\u00bb1\/2&Prime;][vc_column_text css=\u00a0\u00bb\u00a0\u00bb]Horaire \u00e0 venir[\/vc_column_text][\/vc_column_inner][\/vc_row_inner][\/vc_column][\/vc_row][vc_row el_id=\u00a0\u00bbformations\u00a0\u00bb][vc_column]\r\n\t<div class=\"wprt-spacer clearfix\" data-desktop=\"60\" data-mobi=\"60\" data-smobi=\"60\"><\/div><div class=\"wprt-headings clearfix text-center\"  style=\"\"><h2 class=\"heading clearfix\" style=\"\">\r\n\t\tFormations\r\n\t<\/h2><\/div><div class=\"wprt-lines clearfix center\" style=\"height: 2px;margin-top:20px;margin-bottom:40px;\">\r\n\t\t<div class=\"line-1\" style=\"height:2px; width: 70px; background-color: ; margin-left: -35px; margin-top: -1px\"><\/div>\r\n\t\t<div class=\"line-2\" style=\"height:2px; width: 170px; background-color: ; margin-left: -85px; margin-top: -1px\"><\/div>\r\n\t<\/div>[vc_column_text]ROSE du Nord offre des formations \u00e0 l\u2019interne pour les membres de l\u2019organisme, mais nous pouvons aussi donner ces formations dans vos locaux. T\u00e9l\u00e9phonez-nous pour conna\u00eetre nos disponibilit\u00e9s.[\/vc_column_text]\r\n\t<div class=\"wprt-spacer clearfix\" data-desktop=\"60\" data-mobi=\"60\" data-smobi=\"60\"><\/div>[\/vc_column][\/vc_row][vc_row][vc_column][\/vc_column][\/vc_row][vc_row][vc_column][vc_basic_grid post_type=\u00a0\u00bbpost\u00a0\u00bb max_items=\u00a0\u00bb10&Prime; element_width=\u00a0\u00bb12&Prime; orderby=\u00a0\u00bbID\u00a0\u00bb order=\u00a0\u00bbASC\u00a0\u00bb item=\u00a0\u00bb2395&Prime; css=\u00a0\u00bb\u00a0\u00bb grid_id=\u00a0\u00bbvc_gid:1742493328831-d108463abe6a6ae80fe001b9301d10d4-7&Prime; taxonomies=\u00a0\u00bb53&Prime; el_class=\u00a0\u00bbformations\u00a0\u00bb][\/vc_column][\/vc_row]<\/p>\n<\/div>","protected":false},"excerpt":{"rendered":"<p>[vc_row][vc_column][vc_column_text css=\u00a0\u00bb.vc_custom_1741272125560{margin-right: 25% !important;margin-left: 25% !important;}\u00a0\u00bb] Tu as des probl\u00e8mes avec l\u2019aide sociale? Tu as eu une coupure sur ton ch\u00e8que et tu ne sais pas comment tu vas faire pour joindre les deux bouts? Tu as v\u00e9cu une exp\u00e9rience difficile avec ton agent ou ton agente d\u2019aide sociale? [\/vc_column_text][vc_column_text css=\u00a0\u00bb.vc_custom_1601573624460{margin-top: 20px !important;}\u00a0\u00bb] Appelle-nous au&hellip;<\/p>\n","protected":false},"author":1,"featured_media":0,"parent":3892,"menu_order":0,"comment_status":"closed","ping_status":"closed","template":"","meta":{"_acf_changed":false,"footnotes":""},"class_list":["post-3897","page","type-page","status-publish","hentry"],"acf":[],"yoast_head":"<!-- This site is optimized with the Yoast SEO plugin v24.7 - https:\/\/yoast.com\/wordpress\/plugins\/seo\/ -->\n<title>Services et activit\u00e9s - ROSE du Nord<\/title>\n<meta name=\"robots\" content=\"noindex, follow, max-snippet:-1, max-image-preview:large, max-video-preview:-1\" \/>\n<meta property=\"og:locale\" content=\"fr_FR\" \/>\n<meta property=\"og:type\" content=\"article\" \/>\n<meta property=\"og:title\" content=\"Services et activit\u00e9s - ROSE du Nord\" \/>\n<meta property=\"og:description\" content=\"[vc_row][vc_column][vc_column_text css=\u00a0\u00bb.vc_custom_1741272125560{margin-right: 25% !important;margin-left: 25% !important;}\u00a0\u00bb] Tu as des probl\u00e8mes avec l\u2019aide sociale? Tu as eu une coupure sur ton ch\u00e8que et tu ne sais pas comment tu vas faire pour joindre les deux bouts? Tu as v\u00e9cu une exp\u00e9rience difficile avec ton agent ou ton agente d\u2019aide sociale? [\/vc_column_text][vc_column_text css=\u00a0\u00bb.vc_custom_1601573624460{margin-top: 20px !important;}\u00a0\u00bb] Appelle-nous au&hellip;\" \/>\n<meta property=\"og:url\" content=\"https:\/\/conceptsk2.com\/rosedunord-dev\/rose-du-nord-en-action\/services-et-activites\/\" \/>\n<meta property=\"og:site_name\" content=\"ROSE du Nord\" \/>\n<meta property=\"article:modified_time\" content=\"2025-03-20T17:56:39+00:00\" \/>\n<meta property=\"og:image\" content=\"https:\/\/conceptsk2.com\/rosedunord-dev\/wp-content\/uploads\/2021\/12\/Offre-finale.png\" \/>\n\t<meta property=\"og:image:width\" content=\"1640\" \/>\n\t<meta property=\"og:image:height\" content=\"924\" \/>\n\t<meta property=\"og:image:type\" content=\"image\/png\" \/>\n<meta name=\"twitter:card\" content=\"summary_large_image\" \/>\n<script type=\"application\/ld+json\" class=\"yoast-schema-graph\">{\"@context\":\"https:\/\/schema.org\",\"@graph\":[{\"@type\":\"WebPage\",\"@id\":\"https:\/\/conceptsk2.com\/rosedunord-dev\/rose-du-nord-en-action\/services-et-activites\/\",\"url\":\"https:\/\/conceptsk2.com\/rosedunord-dev\/rose-du-nord-en-action\/services-et-activites\/\",\"name\":\"Services et activit\u00e9s - ROSE du Nord\",\"isPartOf\":{\"@id\":\"https:\/\/conceptsk2.com\/rosedunord-dev\/#website\"},\"datePublished\":\"2025-03-04T15:00:09+00:00\",\"dateModified\":\"2025-03-20T17:56:39+00:00\",\"breadcrumb\":{\"@id\":\"https:\/\/conceptsk2.com\/rosedunord-dev\/rose-du-nord-en-action\/services-et-activites\/#breadcrumb\"},\"inLanguage\":\"fr-FR\",\"potentialAction\":[{\"@type\":\"ReadAction\",\"target\":[\"https:\/\/conceptsk2.com\/rosedunord-dev\/rose-du-nord-en-action\/services-et-activites\/\"]}]},{\"@type\":\"BreadcrumbList\",\"@id\":\"https:\/\/conceptsk2.com\/rosedunord-dev\/rose-du-nord-en-action\/services-et-activites\/#breadcrumb\",\"itemListElement\":[{\"@type\":\"ListItem\",\"position\":1,\"name\":\"Accueil\",\"item\":\"https:\/\/conceptsk2.com\/rosedunord-dev\/\"},{\"@type\":\"ListItem\",\"position\":2,\"name\":\"ROSE du Nord en action\",\"item\":\"https:\/\/conceptsk2.com\/rosedunord-dev\/rose-du-nord-en-action\/\"},{\"@type\":\"ListItem\",\"position\":3,\"name\":\"Services et activit\u00e9s\"}]},{\"@type\":\"WebSite\",\"@id\":\"https:\/\/conceptsk2.com\/rosedunord-dev\/#website\",\"url\":\"https:\/\/conceptsk2.com\/rosedunord-dev\/\",\"name\":\"ROSE du Nord\",\"description\":\"Le Regroupement des femmes sans emploi du Nord de Qu\u00e9bec\",\"publisher\":{\"@id\":\"https:\/\/conceptsk2.com\/rosedunord-dev\/#organization\"},\"potentialAction\":[{\"@type\":\"SearchAction\",\"target\":{\"@type\":\"EntryPoint\",\"urlTemplate\":\"https:\/\/conceptsk2.com\/rosedunord-dev\/?s={search_term_string}\"},\"query-input\":{\"@type\":\"PropertyValueSpecification\",\"valueRequired\":true,\"valueName\":\"search_term_string\"}}],\"inLanguage\":\"fr-FR\"},{\"@type\":\"Organization\",\"@id\":\"https:\/\/conceptsk2.com\/rosedunord-dev\/#organization\",\"name\":\"ROSE du Nord\",\"url\":\"https:\/\/conceptsk2.com\/rosedunord-dev\/\",\"logo\":{\"@type\":\"ImageObject\",\"inLanguage\":\"fr-FR\",\"@id\":\"https:\/\/conceptsk2.com\/rosedunord-dev\/#\/schema\/logo\/image\/\",\"url\":\"\",\"contentUrl\":\"\",\"caption\":\"ROSE du Nord\"},\"image\":{\"@id\":\"https:\/\/conceptsk2.com\/rosedunord-dev\/#\/schema\/logo\/image\/\"}}]}<\/script>\n<!-- \/ Yoast SEO plugin. -->","yoast_head_json":{"title":"Services et activit\u00e9s - ROSE du Nord","robots":{"index":"noindex","follow":"follow","max-snippet":"max-snippet:-1","max-image-preview":"max-image-preview:large","max-video-preview":"max-video-preview:-1"},"og_locale":"fr_FR","og_type":"article","og_title":"Services et activit\u00e9s - ROSE du Nord","og_description":"[vc_row][vc_column][vc_column_text css=\u00a0\u00bb.vc_custom_1741272125560{margin-right: 25% !important;margin-left: 25% !important;}\u00a0\u00bb] Tu as des probl\u00e8mes avec l\u2019aide sociale? Tu as eu une coupure sur ton ch\u00e8que et tu ne sais pas comment tu vas faire pour joindre les deux bouts? Tu as v\u00e9cu une exp\u00e9rience difficile avec ton agent ou ton agente d\u2019aide sociale? [\/vc_column_text][vc_column_text css=\u00a0\u00bb.vc_custom_1601573624460{margin-top: 20px !important;}\u00a0\u00bb] Appelle-nous au&hellip;","og_url":"https:\/\/conceptsk2.com\/rosedunord-dev\/rose-du-nord-en-action\/services-et-activites\/","og_site_name":"ROSE du Nord","article_modified_time":"2025-03-20T17:56:39+00:00","og_image":[{"width":1640,"height":924,"url":"https:\/\/conceptsk2.com\/rosedunord-dev\/wp-content\/uploads\/2021\/12\/Offre-finale.png","type":"image\/png"}],"twitter_card":"summary_large_image","schema":{"@context":"https:\/\/schema.org","@graph":[{"@type":"WebPage","@id":"https:\/\/conceptsk2.com\/rosedunord-dev\/rose-du-nord-en-action\/services-et-activites\/","url":"https:\/\/conceptsk2.com\/rosedunord-dev\/rose-du-nord-en-action\/services-et-activites\/","name":"Services et activit\u00e9s - ROSE du Nord","isPartOf":{"@id":"https:\/\/conceptsk2.com\/rosedunord-dev\/#website"},"datePublished":"2025-03-04T15:00:09+00:00","dateModified":"2025-03-20T17:56:39+00:00","breadcrumb":{"@id":"https:\/\/conceptsk2.com\/rosedunord-dev\/rose-du-nord-en-action\/services-et-activites\/#breadcrumb"},"inLanguage":"fr-FR","potentialAction":[{"@type":"ReadAction","target":["https:\/\/conceptsk2.com\/rosedunord-dev\/rose-du-nord-en-action\/services-et-activites\/"]}]},{"@type":"BreadcrumbList","@id":"https:\/\/conceptsk2.com\/rosedunord-dev\/rose-du-nord-en-action\/services-et-activites\/#breadcrumb","itemListElement":[{"@type":"ListItem","position":1,"name":"Accueil","item":"https:\/\/conceptsk2.com\/rosedunord-dev\/"},{"@type":"ListItem","position":2,"name":"ROSE du Nord en action","item":"https:\/\/conceptsk2.com\/rosedunord-dev\/rose-du-nord-en-action\/"},{"@type":"ListItem","position":3,"name":"Services et activit\u00e9s"}]},{"@type":"WebSite","@id":"https:\/\/conceptsk2.com\/rosedunord-dev\/#website","url":"https:\/\/conceptsk2.com\/rosedunord-dev\/","name":"ROSE du Nord","description":"Le Regroupement des femmes sans emploi du Nord de Qu\u00e9bec","publisher":{"@id":"https:\/\/conceptsk2.com\/rosedunord-dev\/#organization"},"potentialAction":[{"@type":"SearchAction","target":{"@type":"EntryPoint","urlTemplate":"https:\/\/conceptsk2.com\/rosedunord-dev\/?s={search_term_string}"},"query-input":{"@type":"PropertyValueSpecification","valueRequired":true,"valueName":"search_term_string"}}],"inLanguage":"fr-FR"},{"@type":"Organization","@id":"https:\/\/conceptsk2.com\/rosedunord-dev\/#organization","name":"ROSE du Nord","url":"https:\/\/conceptsk2.com\/rosedunord-dev\/","logo":{"@type":"ImageObject","inLanguage":"fr-FR","@id":"https:\/\/conceptsk2.com\/rosedunord-dev\/#\/schema\/logo\/image\/","url":"","contentUrl":"","caption":"ROSE du Nord"},"image":{"@id":"https:\/\/conceptsk2.com\/rosedunord-dev\/#\/schema\/logo\/image\/"}}]}},"_links":{"self":[{"href":"https:\/\/conceptsk2.com\/rosedunord-dev\/wp-json\/wp\/v2\/pages\/3897","targetHints":{"allow":["GET"]}}],"collection":[{"href":"https:\/\/conceptsk2.com\/rosedunord-dev\/wp-json\/wp\/v2\/pages"}],"about":[{"href":"https:\/\/conceptsk2.com\/rosedunord-dev\/wp-json\/wp\/v2\/types\/page"}],"author":[{"embeddable":true,"href":"https:\/\/conceptsk2.com\/rosedunord-dev\/wp-json\/wp\/v2\/users\/1"}],"replies":[{"embeddable":true,"href":"https:\/\/conceptsk2.com\/rosedunord-dev\/wp-json\/wp\/v2\/comments?post=3897"}],"version-history":[{"count":32,"href":"https:\/\/conceptsk2.com\/rosedunord-dev\/wp-json\/wp\/v2\/pages\/3897\/revisions"}],"predecessor-version":[{"id":4104,"href":"https:\/\/conceptsk2.com\/rosedunord-dev\/wp-json\/wp\/v2\/pages\/3897\/revisions\/4104"}],"up":[{"embeddable":true,"href":"https:\/\/conceptsk2.com\/rosedunord-dev\/wp-json\/wp\/v2\/pages\/3892"}],"wp:attachment":[{"href":"https:\/\/conceptsk2.com\/rosedunord-dev\/wp-json\/wp\/v2\/media?parent=3897"}],"curies":[{"name":"wp","href":"https:\/\/api.w.org\/{rel}","templated":true}]}}